{"id":35,"date":"2024-03-13T19:01:34","date_gmt":"2024-03-13T18:01:34","guid":{"rendered":"http:\/\/demo10.pctechnik.pl\/?page_id=35"},"modified":"2024-03-13T20:00:34","modified_gmt":"2024-03-13T19:00:34","slug":"biblioteka","status":"publish","type":"page","link":"https:\/\/demo10.pctechnik.pl\/index.php\/biblioteka\/","title":{"rendered":"Biblioteka"},"content":{"rendered":"\t\t<div data-elementor-type=\"wp-page\" data-elementor-id=\"35\" class=\"elementor elementor-35\">\n\t\t\t\t<div class=\"elementor-element elementor-element-e5d2559 e-flex e-con-boxed e-con e-parent\" data-id=\"e5d2559\" data-element_type=\"container\" data-settings=\"{&quot;_ha_eqh_enable&quot;:false}\">\n\t\t\t\t\t<div class=\"e-con-inner\">\n\t\t\t\t<div class=\"elementor-element elementor-element-231e2b9 elementor-widget elementor-widget-heading\" data-id=\"231e2b9\" data-element_type=\"widget\" data-widget_type=\"heading.default\">\n\t\t\t\t<div class=\"elementor-widget-container\">\n\t\t\t<style>\/*! elementor - v3.23.0 - 15-07-2024 *\/\n.elementor-heading-title{padding:0;margin:0;line-height:1}.elementor-widget-heading .elementor-heading-title[class*=elementor-size-]>a{color:inherit;font-size:inherit;line-height:inherit}.elementor-widget-heading .elementor-heading-title.elementor-size-small{font-size:15px}.elementor-widget-heading .elementor-heading-title.elementor-size-medium{font-size:19px}.elementor-widget-heading .elementor-heading-title.elementor-size-large{font-size:29px}.elementor-widget-heading .elementor-heading-title.elementor-size-xl{font-size:39px}.elementor-widget-heading .elementor-heading-title.elementor-size-xxl{font-size:59px}<\/style><h2 class=\"elementor-heading-title elementor-size-default\">Biblioteka szkolna im. \u201eKubusia Puchatka\u201e<\/h2>\t\t<\/div>\n\t\t\t\t<\/div>\n\t\t\t\t\t<\/div>\n\t\t\t\t<\/div>\n\t\t<div class=\"elementor-element elementor-element-6263882 e-flex e-con-boxed e-con e-parent\" data-id=\"6263882\" data-element_type=\"container\" data-settings=\"{&quot;_ha_eqh_enable&quot;:false}\">\n\t\t\t\t\t<div class=\"e-con-inner\">\n\t\t\t\t<div class=\"elementor-element elementor-element-875b4e6 elementor-widget elementor-widget-text-editor\" data-id=\"875b4e6\" data-element_type=\"widget\" data-widget_type=\"text-editor.default\">\n\t\t\t\t<div class=\"elementor-widget-container\">\n\t\t\t<style>\/*! elementor - v3.23.0 - 15-07-2024 *\/\n.elementor-widget-text-editor.elementor-drop-cap-view-stacked .elementor-drop-cap{background-color:#69727d;color:#fff}.elementor-widget-text-editor.elementor-drop-cap-view-framed .elementor-drop-cap{color:#69727d;border:3px solid;background-color:transparent}.elementor-widget-text-editor:not(.elementor-drop-cap-view-default) .elementor-drop-cap{margin-top:8px}.elementor-widget-text-editor:not(.elementor-drop-cap-view-default) .elementor-drop-cap-letter{width:1em;height:1em}.elementor-widget-text-editor .elementor-drop-cap{float:left;text-align:center;line-height:1;font-size:50px}.elementor-widget-text-editor .elementor-drop-cap-letter{display:inline-block}<\/style>\t\t\t\t<p>Biblioteka szkolna im. \u201eKubusia Puchatka\u201e<\/p><p>Godziny pracy biblioteki<\/p><p>Poniedzia\u0142ek\u00a0 7.50 \u2013 14.00<\/p><p>Wtorek 7.50 \u2013 14.00<\/p><p>\u015aroda 7.50 \u2013 11.30 , 12.30 \u2013 14.10<\/p><p>Czwartek 7.50 \u2013 14.00<\/p><p>Pi\u0105tek 8.00 \u2013 14.00<\/p><p><strong>Lektury kl. I-III<\/strong><\/p><p><strong>Lista lektur obowi\u0105zkowych \u2013 klasa 5:<\/strong><\/p><p>Clive Staples Lewis \u2013 \u201eOpowie\u015bci z Narni. Lew, czarownica i stara szafa\u201d<br \/>Adam Mickiewicz \u2013 \u201ePan Tadeusz\u201d (zwyczaje i obyczaje)<br \/>Ferenc Molnar \u2013 \u201eCh\u0142opcy z Placu Broni\u201d<br \/>Boles\u0142aw Prus \u2013 \u201eKatarynka\u201d<br \/>Juliusz S\u0142owacki \u2013 \u201eW pami\u0119tniku Zofii Bobr\u00f3wny\u201d<br \/>Seweryna Szmaglewska \u2013 \u201eCzarne Stopy\u201d<br \/>Wybrane mity greckie, w tym mit o powstaniu \u015bwiata oraz np. mity o: Prometeuszu, Syzyfie, Demeter i Korze, Dedalu i Ikarze, Heraklesie, Edypie, Tezeuszu i Ariadnie, Orfeuszu i Eurydyce<br \/>Biblia, powstanie \u015bwiata i cz\u0142owieka oraz wybrane przypowie\u015bci ewangeliczne<br \/>Wybrane wiersze Jana Twardowskiego, Leopolda Staffa, Anny Kamie\u0144skiej, Czes\u0142awa Mi\u0142osza, Tadeusza R\u00f3\u017cewicza.<\/p><p><strong>Lektury uzupe\u0142niaj\u0105ce:<\/strong><\/p><p>Lewis Carroll \u2013 \u201eAlicja w Krainie Czar\u00f3w\u201d<br \/>Andrzej Maleszka \u2013 \u201eMagiczne drzewo\u201d<br \/>Ma\u0142gorzata Musierowicz \u2013 wybrana powie\u015b\u0107 <br \/>Edmund Niziurski \u2013 \u201eSpos\u00f3b na Alcybiadesa\u201d<br \/>Boles\u0142aw Prus \u2013 \u201eKamizelka\u201d<br \/>Henryk Sienkiewicz \u2013 \u201eJanko Muzykant\u201d<br \/>Mark Twain \u2013 \u201ePrzygody Tomka Sawyera\u201d <br \/>Wyb\u00f3r innych tekst\u00f3w kultury.<br \/>Lektury obowi\u0105zkowe \u2013 klasa 6:<\/p><p>Antoni Czechow \u2013 Kameleon, \u015amier\u0107 urz\u0119dnika<br \/>Rafa\u0142 Kosik \u2013 Felix, Net i Nika oraz Gang Niewidzialnych Ludzi<br \/>Ignacy Krasicki \u2013 wybrane bajki<br \/>Adam Mickiewicz \u2013 Pan Tadeusz (polowanie oraz koncert Wojskiego)<br \/>John Ronald Reuel Tolkien \u2013 Hobbit, czyli tam i z powrotem<br \/>Henryk Sienkiewicz \u2013 W pustyni i w puszczy<br \/>Wybrane wiersze Juliusza S\u0142owackiego, Adama Mickiewicza oraz Zbigniewa Herberta.<br \/>Lektury uzupe\u0142niaj\u0105ce:<\/p><p>Aleksander Dumas \u2013 Trzej muszkieterowie<br \/>Joseph Rudyard Kipling \u2013 Ksi\u0119ga d\u017cungli<br \/>Marcin Kozio\u0142 \u2013 Skrzynia W\u0142adcy Piorun\u00f3w<br \/>Stanis\u0142aw Lem \u2013 Cyberiada (fragmenty)<br \/>Kornel Makuszy\u0144ski \u2013 wybrana powie\u015b\u0107<br \/>Lucy Maud Montgomery \u2013 Ania z Zielonego Wzg\u00f3rza<br \/>Alfred Szklarski \u2013 wybrana powie\u015b\u0107<br \/>Katarzyna Zychla \u2013 Dziewczynka ta\u0144cz\u0105ca z wiatrem.<\/p>\t\t\t\t\t\t<\/div>\n\t\t\t\t<\/div>\n\t\t\t\t\t<\/div>\n\t\t\t\t<\/div>\n\t\t\t\t<\/div>\n\t\t","protected":false},"excerpt":{"rendered":"<p>Biblioteka szkolna im. \u201eKubusia Puchatka\u201e Biblioteka szkolna im. \u201eKubusia Puchatka\u201e Godziny pracy biblioteki Poniedzia\u0142ek\u00a0 7.50 \u2013 14.00 Wtorek 7.50 \u2013 [&hellip;]<\/p>\n","protected":false},"author":1,"featured_media":0,"parent":0,"menu_order":0,"comment_status":"closed","ping_status":"closed","template":"","meta":{"site-sidebar-layout":"no-sidebar","site-content-layout":"","ast-site-content-layout":"full-width-container","site-content-style":"default","site-sidebar-style":"default","ast-global-header-display":"","ast-banner-title-visibility":"","ast-main-header-display":"","ast-hfb-above-header-display":"","ast-hfb-below-header-display":"","ast-hfb-mobile-header-display":"","site-post-title":"disabled","ast-breadcrumbs-content":"","ast-featured-img":"disabled","footer-sml-layout":"","ast-disable-related-posts":"","theme-transparent-header-meta":"","adv-header-id-meta":"","stick-header-meta":"","header-above-stick-meta":"","header-main-stick-meta":"","header-below-stick-meta":"","astra-migrate-meta-layouts":"default","ast-page-background-enabled":"default","ast-page-background-meta":{"desktop":{"background-color":"var(--ast-global-color-4)","background-image":"","background-repeat":"repeat","background-position":"center center","background-size":"auto","background-attachment":"scroll","background-type":"","background-media":"","overlay-type":"","overlay-color":"","overlay-opacity":"","overlay-gradient":""},"tablet":{"background-color":"","background-image":"","background-repeat":"repeat","background-position":"center center","background-size":"auto","background-attachment":"scroll","background-type":"","background-media":"","overlay-type":"","overlay-color":"","overlay-opacity":"","overlay-gradient":""},"mobile":{"background-color":"","background-image":"","background-repeat":"repeat","background-position":"center center","background-size":"auto","background-attachment":"scroll","background-type":"","background-media":"","overlay-type":"","overlay-color":"","overlay-opacity":"","overlay-gradient":""}},"ast-content-background-meta":{"desktop":{"background-color":"var(--ast-global-color-5)","background-image":"","background-repeat":"repeat","background-position":"center center","background-size":"auto","background-attachment":"scroll","background-type":"","background-media":"","overlay-type":"","overlay-color":"","overlay-opacity":"","overlay-gradient":""},"tablet":{"background-color":"var(--ast-global-color-5)","background-image":"","background-repeat":"repeat","background-position":"center center","background-size":"auto","background-attachment":"scroll","background-type":"","background-media":"","overlay-type":"","overlay-color":"","overlay-opacity":"","overlay-gradient":""},"mobile":{"background-color":"var(--ast-global-color-5)","background-image":"","background-repeat":"repeat","background-position":"center center","background-size":"auto","background-attachment":"scroll","background-type":"","background-media":"","overlay-type":"","overlay-color":"","overlay-opacity":"","overlay-gradient":""}},"footnotes":""},"class_list":["post-35","page","type-page","status-publish","hentry"],"_links":{"self":[{"href":"https:\/\/demo10.pctechnik.pl\/index.php\/wp-json\/wp\/v2\/pages\/35","targetHints":{"allow":["GET"]}}],"collection":[{"href":"https:\/\/demo10.pctechnik.pl\/index.php\/wp-json\/wp\/v2\/pages"}],"about":[{"href":"https:\/\/demo10.pctechnik.pl\/index.php\/wp-json\/wp\/v2\/types\/page"}],"author":[{"embeddable":true,"href":"https:\/\/demo10.pctechnik.pl\/index.php\/wp-json\/wp\/v2\/users\/1"}],"replies":[{"embeddable":true,"href":"https:\/\/demo10.pctechnik.pl\/index.php\/wp-json\/wp\/v2\/comments?post=35"}],"version-history":[{"count":4,"href":"https:\/\/demo10.pctechnik.pl\/index.php\/wp-json\/wp\/v2\/pages\/35\/revisions"}],"predecessor-version":[{"id":115,"href":"https:\/\/demo10.pctechnik.pl\/index.php\/wp-json\/wp\/v2\/pages\/35\/revisions\/115"}],"wp:attachment":[{"href":"https:\/\/demo10.pctechnik.pl\/index.php\/wp-json\/wp\/v2\/media?parent=35"}],"curies":[{"name":"wp","href":"https:\/\/api.w.org\/{rel}","templated":true}]}}